[INFO] cloning repository https://github.com/Niceural/rust-mining-pool-rest-api
[INFO] running `Command { std: "git" "-c" "credential.helper=" "-c" "credential.helper=/workspace/cargo-home/bin/git-credential-null" "clone" "--bare" "https://github.com/Niceural/rust-mining-pool-rest-api" "/workspace/cache/git-repos/https%3A%2F%2Fgithub.com%2FNiceural%2Frust-mining-pool-rest-api", kill_on_drop: false }`
[INFO] [stderr] Cloning into bare repository '/workspace/cache/git-repos/https%3A%2F%2Fgithub.com%2FNiceural%2Frust-mining-pool-rest-api'...
[INFO] running `Command { std: "git" "rev-parse" "HEAD", kill_on_drop: false }`
[INFO] [stdout] bd6e7f88592a55d83e44d32a71ce8be80676c57b
[INFO] checking Niceural/rust-mining-pool-rest-api against master#9610dfe5a9a731ced1ea4923ecbd0c57fe367898 for beta-170-4
[INFO] running `Command { std: "git" "clone" "/workspace/cache/git-repos/https%3A%2F%2Fgithub.com%2FNiceural%2Frust-mining-pool-rest-api" "/workspace/builds/worker-5-tc1/source", kill_on_drop: false }`
[INFO] [stderr] Cloning into '/workspace/builds/worker-5-tc1/source'...
[INFO] [stderr] done.
[INFO] validating manifest of git repo https://github.com/Niceural/rust-mining-pool-rest-api on toolchain 9610dfe5a9a731ced1ea4923ecbd0c57fe367898
[INFO] running `Command { std: CARGO_HOME="/workspace/cargo-home" RUSTUP_HOME="/workspace/rustup-home" "/workspace/cargo-home/bin/cargo" "+9610dfe5a9a731ced1ea4923ecbd0c57fe367898" "metadata" "--manifest-path" "Cargo.toml" "--no-deps", kill_on_drop: false }`
[INFO] started tweaking git repo https://github.com/Niceural/rust-mining-pool-rest-api
[INFO] finished tweaking git repo https://github.com/Niceural/rust-mining-pool-rest-api
[INFO] tweaked toml for git repo https://github.com/Niceural/rust-mining-pool-rest-api written to /workspace/builds/worker-5-tc1/source/Cargo.toml
[INFO] crate git repo https://github.com/Niceural/rust-mining-pool-rest-api already has a lockfile, it will not be regenerated
[INFO] running `Command { std: CARGO_HOME="/workspace/cargo-home" RUSTUP_HOME="/workspace/rustup-home" "/workspace/cargo-home/bin/cargo" "+9610dfe5a9a731ced1ea4923ecbd0c57fe367898" "fetch" "--manifest-path" "Cargo.toml", kill_on_drop: false }`
[INFO] [stderr]     Updating crates.io index
[INFO] [stderr]  Downloading crates ...
[INFO] [stderr]   Downloaded r2d2-diesel v1.0.0
[INFO] running `Command { std: "docker" "create" "-v" "/var/lib/crater-agent-workspace/builds/worker-5-tc1/target:/opt/rustwide/target:rw,Z" "-v" "/var/lib/crater-agent-workspace/builds/worker-5-tc1/source:/opt/rustwide/workdir:ro,Z" "-v" "/var/lib/crater-agent-workspace/cargo-home:/opt/rustwide/cargo-home:ro,Z" "-v" "/var/lib/crater-agent-workspace/rustup-home:/opt/rustwide/rustup-home:ro,Z" "-e" "SOURCE_DIR=/opt/rustwide/workdir" "-e" "CARGO_TARGET_DIR=/opt/rustwide/target" "-e" "CARGO_HOME=/opt/rustwide/cargo-home" "-e" "RUSTUP_HOME=/opt/rustwide/rustup-home" "-w" "/opt/rustwide/workdir" "-m" "1610612736" "--user" "0:0" "--network" "none" "ghcr.io/rust-lang/crates-build-env/linux@sha256:5ff2268d62e97bff2cde7d5815dd6ed5b47097566f13b8d0ca110b04b60e07ed" "/opt/rustwide/cargo-home/bin/cargo" "+9610dfe5a9a731ced1ea4923ecbd0c57fe367898" "metadata" "--no-deps" "--format-version=1", kill_on_drop: false }`
[INFO] [stdout] ecfa9224d53705779f1aba1178cb71fb1797a656d0cb074b29617e28d5179463
[INFO] running `Command { std: "docker" "start" "-a" "ecfa9224d53705779f1aba1178cb71fb1797a656d0cb074b29617e28d5179463", kill_on_drop: false }`
[INFO] running `Command { std: "docker" "inspect" "ecfa9224d53705779f1aba1178cb71fb1797a656d0cb074b29617e28d5179463", kill_on_drop: false }`
[INFO] running `Command { std: "docker" "rm" "-f" "ecfa9224d53705779f1aba1178cb71fb1797a656d0cb074b29617e28d5179463", kill_on_drop: false }`
[INFO] [stdout] ecfa9224d53705779f1aba1178cb71fb1797a656d0cb074b29617e28d5179463
[INFO] running `Command { std: "docker" "create" "-v" "/var/lib/crater-agent-workspace/builds/worker-5-tc1/target:/opt/rustwide/target:rw,Z" "-v" "/var/lib/crater-agent-workspace/builds/worker-5-tc1/source:/opt/rustwide/workdir:ro,Z" "-v" "/var/lib/crater-agent-workspace/cargo-home:/opt/rustwide/cargo-home:ro,Z" "-v" "/var/lib/crater-agent-workspace/rustup-home:/opt/rustwide/rustup-home:ro,Z" "-e" "SOURCE_DIR=/opt/rustwide/workdir" "-e" "CARGO_TARGET_DIR=/opt/rustwide/target" "-e" "CARGO_INCREMENTAL=0" "-e" "RUST_BACKTRACE=full" "-e" "RUSTFLAGS=--cap-lints=forbid" "-e" "RUSTDOCFLAGS=--cap-lints=forbid" "-e" "CARGO_HOME=/opt/rustwide/cargo-home" "-e" "RUSTUP_HOME=/opt/rustwide/rustup-home" "-w" "/opt/rustwide/workdir" "-m" "1610612736" "--user" "0:0" "--network" "none" "ghcr.io/rust-lang/crates-build-env/linux@sha256:5ff2268d62e97bff2cde7d5815dd6ed5b47097566f13b8d0ca110b04b60e07ed" "/opt/rustwide/cargo-home/bin/cargo" "+9610dfe5a9a731ced1ea4923ecbd0c57fe367898" "check" "--frozen" "--all" "--all-targets" "--message-format=json", kill_on_drop: false }`
[INFO] [stdout] 75dd5c1d2d0db6889362af276adc863167db7ed1a9d906a44b07c9330974b249
[INFO] running `Command { std: "docker" "start" "-a" "75dd5c1d2d0db6889362af276adc863167db7ed1a9d906a44b07c9330974b249", kill_on_drop: false }`
[INFO] [stderr]    Compiling libc v0.2.126
[INFO] [stderr]    Compiling proc-macro2 v1.0.40
[INFO] [stderr]    Compiling unicode-ident v1.0.1
[INFO] [stderr]    Compiling quote v1.0.20
[INFO] [stderr]    Compiling syn v1.0.98
[INFO] [stderr]    Compiling log v0.4.17
[INFO] [stderr]     Checking smallvec v1.8.1
[INFO] [stderr]     Checking pin-project-lite v0.2.9
[INFO] [stderr]    Compiling futures-util v0.3.21
[INFO] [stderr]     Checking bytes v0.5.6
[INFO] [stderr]     Checking pin-project-lite v0.1.12
[INFO] [stderr]    Compiling pin-project-internal v0.4.29
[INFO] [stderr]     Checking tinyvec v1.6.0
[INFO] [stderr]    Compiling standback v0.2.17
[INFO] [stderr]     Checking copyless v0.1.5
[INFO] [stderr]     Checking unicode-bidi v0.3.8
[INFO] [stderr]     Checking quick-error v1.2.3
[INFO] [stderr]    Compiling async-trait v0.1.56
[INFO] [stderr]     Checking match_cfg v0.1.0
[INFO] [stderr]     Checking once_cell v1.12.0
[INFO] [stderr]    Compiling parking_lot_core v0.9.3
[INFO] [stderr]    Compiling heck v0.4.0
[INFO] [stderr]    Compiling const_fn v0.4.9
[INFO] [stderr]     Checking tracing-core v0.1.28
[INFO] [stderr]     Checking http v0.2.8
[INFO] [stderr]    Compiling time v0.2.27
[INFO] [stderr]    Compiling num-traits v0.2.15
[INFO] [stderr]    Compiling indexmap v1.9.1
[INFO] [stderr]     Checking linked-hash-map v0.5.6
[INFO] [stderr]     Checking alloc-no-stdlib v2.0.3
[INFO] [stderr]     Checking regex-syntax v0.6.26
[INFO] [stderr]    Compiling num-integer v0.1.45
[INFO] [stderr]    Compiling cookie v0.14.4
[INFO] [stderr]     Checking ryu v1.0.10
[INFO] [stderr]     Checking alloc-stdlib v0.2.1
[INFO] [stderr]    Compiling httparse v1.7.1
[INFO] [stderr]     Checking lru-cache v0.1.2
[INFO] [stderr]    Compiling encoding_rs v0.8.31
[INFO] [stderr]     Checking hashbrown v0.12.1
[INFO] [stderr]     Checking tracing v0.1.35
[INFO] [stderr]     Checking brotli-decompressor v2.3.2
[INFO] [stderr]     Checking miniz_oxide v0.5.3
[INFO] [stderr]    Compiling pq-sys v0.4.6
[INFO] [stderr]     Checking sha-1 v0.9.8
[INFO] [stderr]     Checking fxhash v0.2.1
[INFO] [stderr]     Checking language-tags v0.2.2
[INFO] [stderr]     Checking bytestring v1.1.0
[INFO] [stderr]     Checking humantime v1.3.0
[INFO] [stderr]     Checking unicode-normalization v0.1.20
[INFO] [stderr]     Checking termcolor v1.1.3
[INFO] [stderr]     Checking iovec v0.1.4
[INFO] [stderr]     Checking net2 v0.2.37
[INFO] [stderr]     Checking signal-hook-registry v1.4.0
[INFO] [stderr]     Checking parking_lot_core v0.8.5
[INFO] [stderr]     Checking num_cpus v1.13.1
[INFO] [stderr]     Checking getrandom v0.1.16
[INFO] [stderr]     Checking hostname v0.3.1
[INFO] [stderr]     Checking threadpool v1.8.1
[INFO] [stderr]     Checking resolv-conf v0.7.0
[INFO] [stderr]     Checking flate2 v1.0.24
[INFO] [stderr]     Checking rand_core v0.5.1
[INFO] [stderr]     Checking socket2 v0.3.19
[INFO] [stderr]     Checking mio v0.6.23
[INFO] [stderr]     Checking rand v0.4.6
[INFO] [stderr]     Checking parking_lot v0.11.2
[INFO] [stderr]     Checking getrandom v0.2.7
[INFO] [stderr]     Checking parking_lot v0.12.1
[INFO] [stderr]     Checking idna v0.2.3
[INFO] [stderr]     Checking rand_chacha v0.2.2
[INFO] [stderr]     Checking time v0.1.44
[INFO] [stderr]     Checking rand_core v0.6.3
[INFO] [stderr]     Checking atty v0.2.14
[INFO] [stderr]     Checking scheduled-thread-pool v0.2.6
[INFO] [stderr]     Checking rand v0.7.3
[INFO] [stderr]     Checking rand_chacha v0.3.1
[INFO] [stderr]     Checking r2d2 v0.8.10
[INFO] [stderr]     Checking brotli v3.3.4
[INFO] [stderr]     Checking rand v0.8.5
[INFO] [stderr]     Checking mio-uds v0.6.8
[INFO] [stderr]     Checking chrono v0.4.19
[INFO] [stderr]     Checking url v2.2.2
[INFO] [stderr]     Checking tokio v0.2.25
[INFO] [stderr]     Checking regex v1.5.6
[INFO] [stderr]     Checking env_logger v0.7.1
[INFO] [stderr]     Checking tokio-util v0.3.1
[INFO] [stderr]    Compiling futures-macro v0.3.21
[INFO] [stderr]    Compiling serde_derive v1.0.137
[INFO] [stderr]    Compiling derive_more v0.99.17
[INFO] [stderr]    Compiling actix-macros v0.1.3
[INFO] [stderr]    Compiling thiserror-impl v1.0.31
[INFO] [stderr]    Compiling pin-project-internal v1.0.10
[INFO] [stderr]    Compiling enum-as-inner v0.3.4
[INFO] [stderr]    Compiling time-macros-impl v0.1.2
[INFO] [stderr]    Compiling diesel_derives v1.4.1
[INFO] [stderr]    Compiling actix-web-codegen v0.4.0
[INFO] [stderr]     Checking time-macros v0.1.1
[INFO] [stderr]     Checking pin-project v1.0.10
[INFO] [stderr]     Checking thiserror v1.0.31
[INFO] [stderr]     Checking tracing-futures v0.2.5
[INFO] [stderr]     Checking pin-project v0.4.29
[INFO] [stderr]     Checking actix-codec v0.3.0
[INFO] [stderr]     Checking actix-threadpool v0.3.3
[INFO] [stderr]     Checking serde v1.0.137
[INFO] [stderr]     Checking actix-rt v1.1.1
[INFO] [stderr]     Checking actix-service v1.0.6
[INFO] [stderr]     Checking futures v0.3.21
[INFO] [stderr]     Checking h2 v0.2.7
[INFO] [stderr]     Checking trust-dns-proto v0.19.7
[INFO] [stderr]     Checking actix-utils v2.0.0
[INFO] [stderr]     Checking actix-server v1.0.4
[INFO] [stderr]     Checking actix-tls v2.0.0
[INFO] [stderr]     Checking actix-testing v1.0.1
[INFO] [stderr]     Checking trust-dns-resolver v0.19.7
[INFO] [stderr]     Checking actix-connect v2.0.0
[INFO] [stderr]     Checking serde_json v1.0.81
[INFO] [stderr]     Checking serde_urlencoded v0.7.1
[INFO] [stderr]     Checking uuid v0.6.5
[INFO] [stderr]     Checking actix-router v0.2.7
[INFO] [stderr]     Checking diesel v1.4.8
[INFO] [stderr]     Checking actix-http v2.2.2
[INFO] [stderr]     Checking awc v2.0.3
[INFO] [stderr]     Checking actix-web v3.3.3
[INFO] [stderr]     Checking r2d2-diesel v1.0.0
[INFO] [stderr]     Checking mining-pool-rest-api v0.1.0 (/opt/rustwide/workdir)
[INFO] [stdout] error[E0432]: unresolved imports `super::schema`, `crate::DBPooledConnection`
[INFO] [stdout]   --> src/miner.rs:16:12
[INFO] [stdout]    |
[INFO] [stdout] 16 |     super::schema::miners,
[INFO] [stdout]    |            ^^^^^^ could not find `schema` in the crate root
[INFO] [stdout] 17 |     crate::DBPooledConnection,
[INFO] [stdout]    |     ^^^^^^^^^^^^^^^^^^^^^^^^^ no `DBPooledConnection` in the root
[INFO] [stdout] 
[INFO] [stdout] 
[INFO] [stdout] error[E0432]: unresolved imports `super::schema`, `crate::DBPooledConnection`
[INFO] [stdout]   --> src/miner.rs:16:12
[INFO] [stdout]    |
[INFO] [stdout] 16 |     super::schema::miners,
[INFO] [stdout]    |            ^^^^^^ could not find `schema` in the crate root
[INFO] [stdout] 17 |     crate::DBPooledConnection,
[INFO] [stdout]    |     ^^^^^^^^^^^^^^^^^^^^^^^^^ no `DBPooledConnection` in the root
[INFO] [stdout] 
[INFO] [stdout] 
[INFO] [stdout] error[E0432]: unresolved imports `super::schema`, `crate::DBPooledConnection`
[INFO] [stdout]   --> src/wallet.rs:15:12
[INFO] [stdout]    |
[INFO] [stdout] 15 |     super::schema::wallets,
[INFO] [stdout]    |            ^^^^^^ could not find `schema` in the crate root
[INFO] [stdout] 16 |     crate::DBPooledConnection,
[INFO] [stdout]    |     ^^^^^^^^^^^^^^^^^^^^^^^^^ no `DBPooledConnection` in the root
[INFO] [stdout] 
[INFO] [stdout] 
[INFO] [stdout] error[E0432]: unresolved imports `super::schema`, `crate::DBPooledConnection`
[INFO] [stdout]   --> src/wallet.rs:15:12
[INFO] [stdout]    |
[INFO] [stdout] 15 |     super::schema::wallets,
[INFO] [stdout]    |            ^^^^^^ could not find `schema` in the crate root
[INFO] [stdout] 16 |     crate::DBPooledConnection,
[INFO] [stdout]    |     ^^^^^^^^^^^^^^^^^^^^^^^^^ no `DBPooledConnection` in the root
[INFO] [stdout] 
[INFO] [stdout] 
[INFO] [stdout] error[E0432]: unresolved import `crate::DBPool`
[INFO] [stdout]  --> src/wallet_controller.rs:6:5
[INFO] [stdout]   |
[INFO] [stdout] 6 |     crate::DBPool,
[INFO] [stdout]   |     ^^^^^^^^^^^^^ no `DBPool` in the root
[INFO] [stdout] 
[INFO] [stdout] 
[INFO] [stdout] error[E0432]: unresolved import `crate::DBPool`
[INFO] [stdout]  --> src/wallet_controller.rs:6:5
[INFO] [stdout]   |
[INFO] [stdout] 6 |     crate::DBPool,
[INFO] [stdout]   |     ^^^^^^^^^^^^^ no `DBPool` in the root
[INFO] [stdout] 
[INFO] [stdout] 
[INFO] [stdout] error[E0425]: cannot find function `get_connection_to_pool` in the crate root
[INFO] [stdout]   --> src/wallet_controller.rs:15:23
[INFO] [stdout]    |
[INFO] [stdout] 15 |     let conn = crate::get_connection_to_pool(pool);
[INFO] [stdout]    |                       ^^^^^^^^^^^^^^^^^^^^^^ not found in the crate root
[INFO] [stdout] 
[INFO] [stdout] 
[INFO] [stdout] error[E0425]: cannot find function `get_connection_to_pool` in the crate root
[INFO] [stdout]   --> src/wallet_controller.rs:15:23
[INFO] [stdout]    |
[INFO] [stdout] 15 |     let conn = crate::get_connection_to_pool(pool);
[INFO] [stdout]    |                       ^^^^^^^^^^^^^^^^^^^^^^ not found in the crate root
[INFO] [stdout] 
[INFO] [stdout] 
[INFO] [stdout] error[E0425]: cannot find function `get_connection_to_pool` in the crate root
[INFO] [stdout]   --> src/wallet_controller.rs:23:23
[INFO] [stdout]    |
[INFO] [stdout] 23 |     let conn = crate::get_connection_to_pool(pool);
[INFO] [stdout]    |                       ^^^^^^^^^^^^^^^^^^^^^^ not found in the crate root
[INFO] [stdout] 
[INFO] [stdout] 
[INFO] [stdout] error[E0425]: cannot find function `get_connection_to_pool` in the crate root
[INFO] [stdout]   --> src/wallet_controller.rs:23:23
[INFO] [stdout]    |
[INFO] [stdout] 23 |     let conn = crate::get_connection_to_pool(pool);
[INFO] [stdout]    |                       ^^^^^^^^^^^^^^^^^^^^^^ not found in the crate root
[INFO] [stdout] 
[INFO] [stdout] 
[INFO] [stdout] error[E0425]: cannot find function `get_connection_to_pool` in the crate root
[INFO] [stdout]   --> src/wallet_controller.rs:37:23
[INFO] [stdout]    |
[INFO] [stdout] 37 |     let conn = crate::get_connection_to_pool(pool);
[INFO] [stdout]    |                       ^^^^^^^^^^^^^^^^^^^^^^ not found in the crate root
[INFO] [stdout] 
[INFO] [stdout] 
[INFO] [stdout] error[E0425]: cannot find function `get_connection_to_pool` in the crate root
[INFO] [stdout]   --> src/wallet_controller.rs:37:23
[INFO] [stdout]    |
[INFO] [stdout] 37 |     let conn = crate::get_connection_to_pool(pool);
[INFO] [stdout]    |                       ^^^^^^^^^^^^^^^^^^^^^^ not found in the crate root
[INFO] [stdout] 
[INFO] [stdout] 
[INFO] [stdout] warning: unused imports: `QueryDsl`, `RunQueryDsl`, `crate::wallet::*`, `diesel::result::Error`, `rand::Rng`, `uuid::Uuid`
[INFO] [stdout]   --> src/miner.rs:6:9
[INFO] [stdout]    |
[INFO] [stdout] 6  |         QueryDsl,
[INFO] [stdout]    |         ^^^^^^^^
[INFO] [stdout] 7  |         RunQueryDsl
[INFO] [stdout]    |         ^^^^^^^^^^^
[INFO] [stdout] 8  |     },
[INFO] [stdout] 9  |     diesel::result::Error,
[INFO] [stdout]    |     ^^^^^^^^^^^^^^^^^^^^^
[INFO] [stdout] 10 |     rand::Rng,
[INFO] [stdout]    |     ^^^^^^^^^
[INFO] [stdout] ...
[INFO] [stdout] 15 |     uuid::Uuid,
[INFO] [stdout]    |     ^^^^^^^^^^
[INFO] [stdout] ...
[INFO] [stdout] 18 |     crate::wallet::*,
[INFO] [stdout]    |     ^^^^^^^^^^^^^^^^
[INFO] [stdout]    |
[INFO] [stdout]    = note: `#[warn(unused_imports)]` on by default
[INFO] [stdout] 
[INFO] [stdout] 
[INFO] [stdout] warning: unused imports: `QueryDsl`, `RunQueryDsl`, `crate::wallet::*`, `diesel::result::Error`, `rand::Rng`, `uuid::Uuid`
[INFO] [stdout]   --> src/miner.rs:6:9
[INFO] [stdout]    |
[INFO] [stdout] 6  |         QueryDsl,
[INFO] [stdout]    |         ^^^^^^^^
[INFO] [stdout] 7  |         RunQueryDsl
[INFO] [stdout]    |         ^^^^^^^^^^^
[INFO] [stdout] 8  |     },
[INFO] [stdout] 9  |     diesel::result::Error,
[INFO] [stdout]    |     ^^^^^^^^^^^^^^^^^^^^^
[INFO] [stdout] 10 |     rand::Rng,
[INFO] [stdout]    |     ^^^^^^^^^
[INFO] [stdout] ...
[INFO] [stdout] 15 |     uuid::Uuid,
[INFO] [stdout]    |     ^^^^^^^^^^
[INFO] [stdout] ...
[INFO] [stdout] 18 |     crate::wallet::*,
[INFO] [stdout]    |     ^^^^^^^^^^^^^^^^
[INFO] [stdout]    |
[INFO] [stdout]    = note: `#[warn(unused_imports)]` on by default
[INFO] [stdout] 
[INFO] [stdout] 
[INFO] [stdout] warning: unused imports: `MinerDAO`, `RunQueryDsl`, `diesel::query_dsl::methods::FilterDsl`, `diesel::result::Error`, `uuid::Uuid`
[INFO] [stdout]   --> src/wallet.rs:6:9
[INFO] [stdout]    |
[INFO] [stdout] 6  |         RunQueryDsl
[INFO] [stdout]    |         ^^^^^^^^^^^
[INFO] [stdout] 7  |     },
[INFO] [stdout] 8  |     diesel::query_dsl::methods::FilterDsl,
[INFO] [stdout]    |     ^^^^^^^^^^^^^^^^^^^^^^^^^^^^^^^^^^^^^
[INFO] [stdout] 9  |     diesel::result::Error,
[INFO] [stdout]    |     ^^^^^^^^^^^^^^^^^^^^^
[INFO] [stdout] ...
[INFO] [stdout] 14 |     uuid::Uuid,
[INFO] [stdout]    |     ^^^^^^^^^^
[INFO] [stdout] ...
[INFO] [stdout] 17 |     crate::miner::{Miner, MinerDAO},
[INFO] [stdout]    |                           ^^^^^^^^
[INFO] [stdout] 
[INFO] [stdout] 
[INFO] [stdout] warning: unused imports: `MinerDAO`, `RunQueryDsl`, `diesel::query_dsl::methods::FilterDsl`, `diesel::result::Error`, `uuid::Uuid`
[INFO] [stdout]   --> src/wallet.rs:6:9
[INFO] [stdout]    |
[INFO] [stdout] 6  |         RunQueryDsl
[INFO] [stdout]    |         ^^^^^^^^^^^
[INFO] [stdout] 7  |     },
[INFO] [stdout] 8  |     diesel::query_dsl::methods::FilterDsl,
[INFO] [stdout]    |     ^^^^^^^^^^^^^^^^^^^^^^^^^^^^^^^^^^^^^
[INFO] [stdout] 9  |     diesel::result::Error,
[INFO] [stdout]    |     ^^^^^^^^^^^^^^^^^^^^^
[INFO] [stdout] ...
[INFO] [stdout] 14 |     uuid::Uuid,
[INFO] [stdout]    |     ^^^^^^^^^^
[INFO] [stdout] ...
[INFO] [stdout] 17 |     crate::miner::{Miner, MinerDAO},
[INFO] [stdout]    |                           ^^^^^^^^
[INFO] [stdout] 
[INFO] [stdout] 
[INFO] [stdout] warning: unused variable: `miner_request`
[INFO] [stdout]   --> src/miner_controller.rs:32:27
[INFO] [stdout]    |
[INFO] [stdout] 32 | pub async fn create_miner(miner_request: Json<NewMinerRequest>) -> HttpResponse {
[INFO] [stdout]    |                           ^^^^^^^^^^^^^ help: if this is intentional, prefix it with an underscore: `_miner_request`
[INFO] [stdout]    |
[INFO] [stdout]    = note: `#[warn(unused_variables)]` on by default
[INFO] [stdout] 
[INFO] [stdout] 
[INFO] [stdout] warning: unused variable: `miner_request`
[INFO] [stdout]   --> src/miner_controller.rs:32:27
[INFO] [stdout]    |
[INFO] [stdout] 32 | pub async fn create_miner(miner_request: Json<NewMinerRequest>) -> HttpResponse {
[INFO] [stdout]    |                           ^^^^^^^^^^^^^ help: if this is intentional, prefix it with an underscore: `_miner_request`
[INFO] [stdout]    |
[INFO] [stdout]    = note: `#[warn(unused_variables)]` on by default
[INFO] [stdout] 
[INFO] [stdout] 
[INFO] [stdout] error[E0425]: cannot find function `fetch_all_wallets` in this scope
[INFO] [stdout]   --> src/wallet_controller.rs:16:32
[INFO] [stdout]    |
[INFO] [stdout] 16 |     let wallets: Vec<Wallet> = fetch_all_wallets(&conn);
[INFO] [stdout]    |                                ^^^^^^^^^^^^^^^^^ not found in this scope
[INFO] [stdout] 
[INFO] [stdout] 
[INFO] [stdout] error[E0425]: cannot find function `fetch_all_wallets` in this scope
[INFO] [stdout]   --> src/wallet_controller.rs:16:32
[INFO] [stdout]    |
[INFO] [stdout] 16 |     let wallets: Vec<Wallet> = fetch_all_wallets(&conn);
[INFO] [stdout]    |                                ^^^^^^^^^^^^^^^^^ not found in this scope
[INFO] [stdout] 
[INFO] [stdout] 
[INFO] [stdout] error[E0425]: cannot find function `fetch_wallet_by_id` in this scope
[INFO] [stdout]   --> src/wallet_controller.rs:24:34
[INFO] [stdout]    |
[INFO] [stdout] 24 |     let wallet: Option<Wallet> = fetch_wallet_by_id(
[INFO] [stdout]    |                                  ^^^^^^^^^^^^^^^^^^ not found in this scope
[INFO] [stdout] 
[INFO] [stdout] 
[INFO] [stdout] error[E0425]: cannot find function `fetch_wallet_by_id` in this scope
[INFO] [stdout]   --> src/wallet_controller.rs:24:34
[INFO] [stdout]    |
[INFO] [stdout] 24 |     let wallet: Option<Wallet> = fetch_wallet_by_id(
[INFO] [stdout]    |                                  ^^^^^^^^^^^^^^^^^^ not found in this scope
[INFO] [stdout] 
[INFO] [stdout] 
[INFO] [stdout] error[E0425]: cannot find function `create_new_wallet` in this scope
[INFO] [stdout]   --> src/wallet_controller.rs:38:11
[INFO] [stdout]    |
[INFO] [stdout] 38 |     match create_new_wallet(wallet_request.0, &conn) {
[INFO] [stdout]    |           ^^^^^^^^^^^^^^^^^ not found in this scope
[INFO] [stdout] 
[INFO] [stdout] 
[INFO] [stdout] error[E0425]: cannot find function `create_new_wallet` in this scope
[INFO] [stdout]   --> src/wallet_controller.rs:38:11
[INFO] [stdout]    |
[INFO] [stdout] 38 |     match create_new_wallet(wallet_request.0, &conn) {
[INFO] [stdout]    |           ^^^^^^^^^^^^^^^^^ not found in this scope
[INFO] [stdout] 
[INFO] [stdout] 
[INFO] [stdout] warning: unused import: `ExpressionMethods`
[INFO] [stdout]  --> src/wallet.rs:3:9
[INFO] [stdout]   |
[INFO] [stdout] 3 |         ExpressionMethods, 
[INFO] [stdout]   |         ^^^^^^^^^^^^^^^^^
[INFO] [stdout] 
[INFO] [stdout] 
[INFO] [stdout] warning: unused import: `ExpressionMethods`
[INFO] [stdout]  --> src/miner.rs:3:9
[INFO] [stdout]   |
[INFO] [stdout] 3 |         ExpressionMethods, 
[INFO] [stdout]   |         ^^^^^^^^^^^^^^^^^
[INFO] [stdout] 
[INFO] [stdout] 
[INFO] [stdout] warning: unused import: `ExpressionMethods`
[INFO] [stdout]  --> src/wallet.rs:3:9
[INFO] [stdout]   |
[INFO] [stdout] 3 |         ExpressionMethods, 
[INFO] [stdout]   |         ^^^^^^^^^^^^^^^^^
[INFO] [stdout] 
[INFO] [stdout] 
[INFO] [stdout] warning: unused import: `ExpressionMethods`
[INFO] [stdout]  --> src/miner.rs:3:9
[INFO] [stdout]   |
[INFO] [stdout] 3 |         ExpressionMethods, 
[INFO] [stdout]   |         ^^^^^^^^^^^^^^^^^
[INFO] [stdout] 
[INFO] [stdout] 
[INFO] [stdout] error: aborting due to 9 previous errors; 5 warnings emitted
[INFO] [stdout] 
[INFO] [stdout] 
[INFO] [stdout] Some errors have detailed explanations: E0425, E0432.
[INFO] [stdout] 
[INFO] [stdout] For more information about an error, try `rustc --explain E0425`.
[INFO] [stdout] 
[INFO] [stdout] error: aborting due to 9 previous errors; 5 warnings emitted
[INFO] [stdout] 
[INFO] [stdout] 
[INFO] [stdout] Some errors have detailed explanations: E0425, E0432.
[INFO] [stdout] 
[INFO] [stdout] For more information about an error, try `rustc --explain E0425`.
[INFO] [stdout] 
[INFO] [stderr] error: could not compile `mining-pool-rest-api` (bin "mining-pool-rest-api" test) due to 10 previous errors; 5 warnings emitted
[INFO] [stderr] warning: build failed, waiting for other jobs to finish...
[INFO] [stderr] error: could not compile `mining-pool-rest-api` (bin "mining-pool-rest-api") due to 10 previous errors; 5 warnings emitted
[INFO] running `Command { std: "docker" "inspect" "75dd5c1d2d0db6889362af276adc863167db7ed1a9d906a44b07c9330974b249", kill_on_drop: false }`
[INFO] running `Command { std: "docker" "rm" "-f" "75dd5c1d2d0db6889362af276adc863167db7ed1a9d906a44b07c9330974b249", kill_on_drop: false }`
[INFO] [stdout] 75dd5c1d2d0db6889362af276adc863167db7ed1a9d906a44b07c9330974b249
